(7). Calculate o(h).
-1
Let i(l) = -3*l + 5*l - 2*l - 2 + 2*l. What is i(5)?
8
Let l(z) = -4 - 2*z - 5*z**2 + z**2 + 3 + 3*z**2. Determine l(-1).
0
Suppose -2*h + 6 = -2*q, 4*q + 11 = 5*h - 5. Let f(m) = 2*m**2 - m - 3. Let a(i) = i - 1. Let r(k) = 4*a(k) - f(k). What is r(h)?
-13
Let b(t) be the first derivative of 4/3*t**3 - 2*t + 1/4*t**4 + 1 + 3/2*t**2. Calculate b(-3).
-2
Let w be 20/3 - ((-2)/(-2))/(-3). Let i(h) = h**3 - 7*h**2 - h + 5. Calculate i(w).
-2
Suppose -2*d + z = -z + 2, 0 = 4*d + 4*z - 28. Let w(r) be the third derivative of 7/6*r**d + 1/24*r**4 + 0*r + 0 + 2*r**2 + 1/60*r**5. What is w(0)?
7
Let h(v) = -v + 8. Let u be h(8). Let r(g) = g. Determine r(u).
0
Let k(v) = v - 4. Let c be (1 + 0)*8/2. Give k(c).
0
Let s(t) be the first derivative of -5*t**4/4 - t**3/3 - 1. Let c = -37 - -38. Determine s(c).
-6
Let c be -11 + 2*(-2)/(-4). Let r = -8 - c. Let y(f) = f**2 - f - 1. Let h(w) = 3*w**2 - 4*w - 5. Let p(j) = h(j) - 5*y(j). Calculate p(r).
-6
Suppose 0 = -2*v + g - 15, -50 = 5*v - 9*g + 4*g. Suppose 3*w + 1 = 2*y, 5*w = -2*y - 9 + 34. Let m(r) = r**2 - 5*r**2 - y*r + 3*r**2. Give m(v).
0
Suppose 3*o = 2*o - 5. Let m(d) = -d**3 - 5 + 3*d - 9*d**2 - 11*d**2 + 16*d**2 + 2. Calculate m(o).
7
Let l(j) = 28*j + 0 - 15 + j**2 - 27*j - j**3. Give l(0).
-15
Let y be 6/(-4)*(-60)/9. Let q = y - 14. Let d(f) = 2*f + 5. What is d(q)?
-3
Let x(i) = -i + 6. Let v(p) be the first derivative of -p + 2. Let u(r) = -5*v(r) - x(r). Suppose 16 = -g + 13. Give u(g).
-4
Let o(p) = 2*p**3 - 15*p**2 + 2. Let n(g) = -g**3 + 8*g**2 - 1. Let f(c) = 11*n(c) + 6*o(c). Determine f(2).
1
Let x(s) be the third derivative of -s**6/120 + s**5/20 + s**4/4 - 5*s**3/6 + 4*s**2. Give x(4).
3
Let b be 0/((1 - 0)*-1). Let f(m) = 2*m**3 - 7*m**2 - 7*m - 5. Let z(h) = h**3 - 3*h**2 - 3*h - 3. Let o(u) = -4*f(u) + 9*z(u). Calculate o(b).
-7
Let j be 2*(1 - (-9)/(-6)). Let x(z) = 17*z**2 + 13. Let h(m) = -4*m**2 - 3. Let s(o) = 9*h(o) + 2*x(o). What is s(j)?
-3
Let f(g) be the third derivative of g**4/24 - g**3/6 - g**2. Suppose i + 2*i = 0. Determine f(i).
-1
Let f(h) = -h**3 + 4*h**2 + 3. Let q be f(4). Let v(d) be the first derivative of -1/2*d**2 + 0*d - q. Give v(4).
-4
Let x(c) = -6*c**2 + c + 2. Suppose -7*w + 5*w = 5*l - 29, -2*w + l = 1. Determine x(w).
-20
Let v = 4 + -2. Let j(c) = c**2 + 0*c**v - 2*c**2 + 3*c. Suppose 2*n = 5*n - 9. Determine j(n).
0
Suppose 4*u = 2*u + 4, -o - 5*u + 12 = 0. Suppose -n = -o*j - 2, 0 = n - 4*n + j + 6. Let y(z) = z**2 - 7*z + 6 - 4*z**2 + 3*z**3 - n*z**3. Determine y(4).
-6
Let y(w) = w**3 + 4*w**2 - w - 2. Let a be y(-4). Let g(q) = 1 - q**3 + 3 + a*q**2 + 0*q**2 - 5*q + 2*q**2. Suppose 2*n = 1 + 5. What is g(n)?
-2
Let u(s) = 2*s**3 + 2*s**2 - 2*s - 3. Let o = -13 - -11. Give u(o).
-7
Let k = -5 + 10. Suppose -2*b + k*b = 30. Let s = b - 16. Let o(x) = x**2 + 4*x - 6. What is o(s)?
6
Let k be ((-14)/(-6))/(4/12). Let h be 19/k - (-2)/7. Let t(x) = -3*x - x**2 - x**h + 4 + 5*x**2 + 2*x. Determine t(4).
0
Let t(u) = -u. Let n be t(-3). Let i be (n/(-5))/((-5)/(-25)). Let w(o) = 2*o + 2. Calculate w(i).
-4
Let s(w) = -w**3 - 6*w**2 - 6*w - 6. Let u be (-4*3/(-6))/2. Let m be (-10 + 5)/(u - 0). Give s(m).
-1
Let y(b) be the first derivative of b**5/60 - b**4/4 + 2*b**3/3 - b**2/2 - 3. Let z(h) be the second derivative of y(h). What is z(4)?
-4
Suppose -3*u - 16 = u. Let z(t) be the third derivative of t**5/60 + 7*t**4/24 + t**3 + t**2. Calculate z(u).
-6
Let v(a) = a**2 - a + 1. Let m be 7 - (-5 - -5 - -6). Give v(m).
1
Let p = -6 - -10. Let c = -5 + p. Let t(b) = -8*b**2 + 2*b + 1. Determine t(c).
-9
Let t(o) be the third derivative of o**5/15 - o**4/8 - o**3/2 + 27*o**2. What is t(-2)?
19
Let k = 44 + -34. Let j(h) = h**2 - 10*h - 3. Give j(k).
-3
Let z(g) = -g**2 + g. Let j(a) = 4*a**2 - a. Let u(w) = -j(w) - 2*z(w). Give u(2).
-10
Let x(u) = 2*u - 1. Suppose 0 = -0*d + d + 3. Calculate x(d).
-7
Let i = 28 - 21. Let c(q) = 2*q - 9. Calculate c(i).
5
Let q(u) = -u - 4. Let x(d) be the first derivative of d**3/3 + d**2 - 3*d - 1. Let f be x(-3). Suppose f*y = 5*y. What is q(y)?
-4
Let t(q) = q + 1. Suppose -12 + 0 = 4*p. Determine t(p).
-2
Let j(h) = 2*h**2 + 3*h + 3 + 3*h - 5*h - 5*h. Let r = -5 + 7. What is j(r)?
3
Let v(c) be the first derivative of -c**3/3 + 2*c**2 - 4*c - 7. What is v(3)?
-1
Let g(o) = 6*o + 2. Let w be (-1 + 5 + -6)*-1. Give g(w).
14
Suppose -20 = -10*g - 90. Let t(c) = c + 13. Give t(g).
6
Let k(c) be the second derivative of -2*c + 1/3*c**3 + 0 - 2*c**2. Let m = 4 - 7. Determine k(m).
-10
Let j(y) = y**2 - 13*y. Let i(b) = -b. Let u(l) = -6*i(l) + j(l). Suppose 0 = -3*h + 14 + 4. Give u(h).
-6
Suppose -3*x + 2 = t, 2*t + 3*t - x + 38 = 0. Let f(z) be the first derivative of z**4/4 + 8*z**3/3 + 4*z**2 + 6*z - 70. What is f(t)?
-1
Let c(i) be the second derivative of 2*i**3/3 + i. Suppose -u + 4*u = 0. Let x = u - -1. What is c(x)?
4
Suppose -5*s + 0 = -20. Let t = 5 - 0. Let c(d) = 3 - d - t*d + 5*d. What is c(s)?
-1
Let l(w) = w**2 - 2*w - 5. Let q be -6*((-8)/12 - (3 - 3)). Give l(q).
3
Let u(b) = -b**3 + 7*b**2 + b - 4. Let v be u(7). Let m(h) = -h**2 + h. Calculate m(v).
-6
Suppose -2*i - 5*b = 16, 2*i - 5*b - 10 = -6. Let p(m) = -m**3 - 5*m**2 - 3*m + 4. What is p(i)?
-5
Suppose -3*g = 0, 4*j - 7*g + 3*g - 40 = 0. Suppose -w - j = -h, h + 3*w = 3*h - 25. Suppose 3*a + 6 = h*a. Let b(i) = -2*i**2 + 4*i + 1. Determine b(a).
-5
Suppose -2*q - 5*m - 22 = 0, -5*q + 5*m - 28 = 4*m. Let s be 5/(-3) - (-2)/q. Let a(z) = 2*z + 2. Give a(s).
-2
Let y(m) = 3*m. Let d be 1 - (-5 + -4)/3. Calculate y(d).
12
Let c(l) = -l + 2. Let b be (4/(-6))/((-2)/(-9)). What is c(b)?
5
Suppose 10 = -4*p + 2. Let v(s) = 3*s + 3. Let x be v(p). Let c(z) = z**2 - 1. Let t(m) = 5*m**2 - 4*m - 7. Let g(w) = 6*c(w) - t(w). Give g(x).
-2
Suppose 0 = -0*x + 3*x - 6. Let s(q) = 0*q**x + 1 + 8*q**2 + 0*q**2 + q - q**2. Determine s(-1).
7
Suppose 2*d + 3*d + 5 = 0. Let r(a) = 8*a**2 + a. Let s be r(d). Let g(w) = w**2 - 8*w + 1. Calculate g(s).
-6
Suppose -4*i + h + 14 = 0, 2*i - 4 = 4*h + 10. Let g(j) = -2*j**2 + 41 - 87 - 2*j + 43 + j**3. Calculate g(i).
0
Suppose -4*i + 18 = x + x, 2*i - x = 15. Let s(a) = a**2 - 5*a - 3. Calculate s(i).
3
Let s(f) = -2*f**2 - 3 + 3*f**2 - 7*f**2 + 3*f + 7*f**2. Let y(z) = 4*z + 1. Let a be y(-1). Give s(a).
-3
Let b(z) = -z**2 - 7*z - 6. Let n be (-2)/((3 + -2)*-1). Suppose 0 = -2*x - n*x + 112. Suppose -3*o - 10 - 6 = y, 2*o + x = -5*y. Determine b(y).
6
Let q(o) be the second derivative of o**5/20 + 7*o**4/12 + o**3 - o**2/2 + o. Let n(k) = -k**3 + k. Let p be n(2). What is q(p)?
-1
Let f(o) be the second derivative of -o**5/4 + o**4/12 + o**3/6 + o**2/2 - 7*o. Determine f(-1).
6
Let w(d) = -5*d**3 - 11*d**2 + 9*d - 7. Let i(y) = -y**2 + 2*y**2 - y - 2*y**3 + 3*y**3 + 1. Let n(q) = -6*i(q) - w(q). Give n(4).
5
Let z(v) = -2*v**2 + 12*v - 15. Let n be z(5). Let p(d) = d**3 + 5*d**2 - 2*d + 2. Calculate p(n).
12
Let s(x) = -4*x + 19. Suppose 2*p - 32 = 4*z, -3*z + 3*p = -z + 24. Let i = z - -2. Let b(u) = -2*u + 9. Let q(g) = i*s(g) + 9*b(g). Give q(4).
-3
Let c be (-8)/28 + (-80)/14. Let t be c/(-1*(-2 + 4)). Let o(q) = 3*q - 2. Calculate o(t).
7
Let k = -5 + 7. Let x(w) = 0*w - 10*w + w**k + 2 + 15*w - 8*w. Give x(4).
6
Suppose -3 + 19 = 4*b. Let i(d) = d + b*d - 4*d. What is i(0)?
0
Let q be (-6)/2 + (6/(-6) - 0). Let x(v) = 4*v**2 - 5 + v + v**3 - 8*v - 2*v**2. What is x(q)?
-9
Let w(g) = -11*g + 8. Let x(q) = 4*q - 3. Let m(s) = -3*w(s) - 8*x(s). What is m(-5)?
-5
Let a(k) be the third derivative of -k**7/1008 - 7*k**5/60 - 6*k**2. Let v(d) be the third derivative of a(d). What is v(-1)?
5
Let a(r) be the first derivative of 5*r**2/2 + 3*r - 1. Let y(p) = 10*p + 6. Let h(w) = 5*a(w) - 3*y(w). What is h(-2)?
7
Let u(i) = -9*i**2 - 5*i - i**3 + 0*i - 5 - 4*i. Let a be u(-8). Suppose 3*s - 6 = a. Let n(c) = c - 1. Give n(s).
2
Let z = 1 - 2. Let q be (1*-2 - -3)/z. Let r(y) = 4*y**3 + 6*y**2 + 2*y + 1. Let w(v) = v**2. Let f(l) = r(l) - 5*w(l). What is f(q)?
-4
Suppose -9 = -3*i - 0. Let r = -1 + i. Let n(s) = 2*s - 2*s - s + 8*s**r. Give n(-1).
9
Let f(y) = -12*y**3 + y**2 + y - 1. Let h(m) = m**2 - 8*m + 8. Let k be h(7). Calculate f(k).
-11
Let x(o) = 2*o**3 - o**2 - o - 1. Let t = -